 of 25 + 0 + -1 - (69 - 59)?
14
What is 36 - 10 - 13 - (0 - 2 - -3)?
12
-6 - (-4 - -20 - 32)
10
Calculate 33 - (15 + -7 + -8 - (-12 + 1)).
22
5 + -7 + 10 + -7 + 0
1
What is the value of 0 + 15 - (-11 + -27 + 31)?
22
What is the value of (11 + -7 - (-6 + 6)) + -15 + 3?
-8
What is 1 + (-19 - 2 - -16) + -11 + 0?
-15
What is the value of -37 + (7 - 7 - (-3 + (-6 - 0)))?
-28
Evaluate (190 - 148) + -24 + 2 - (-2 - -10).
12
Evaluate -55 + 41 - (-1 - 22).
9
Evaluate -6 + (-22 + 23 - (-2 - (0 - 4))).
-7
(0 - (-1 + 1) - (496 - 504)) + 16
24
Calculate 6 + 1 + (-1 - 10 - (-9 - -5)).
0
(1 - -1) + (-1 - (21 - (8 + 9)))
-3
Calculate -28 + (-2 + -4 - -17).
-17
What is the value of (29 - 15) + 3 + 7?
24
What is the value of -2 + -1 + (-11 + 2 + -3 - -9)?
-6
What is 8 + (-24 - -20 - (2 - -2))?
0
Calculate -8 - -17 - 14 - (-17 + -3).
15
What is the value of -10 - ((6 - 3) + -10) - -21?
18
What is -31 + -2 - (256 - 274)?
-15
What is -15 + (20 - (20 + (6 - 13)))?
-8
Calculate (1 - 4) + -3 + 1 - -4.
-1
What is -13 - (8 - 6) - (-6 - -6 - 6)?
-9
What is the value of 89 + -105 + 12 + -1?
-5
What is the value of 102 + -100 - (-1 - ((1 - -2) + 13))?
19
What is 72 + -87 + (3 - 0)?
-12
-23 + 11 + (29 + -32 - (0 - 1))
-14
Evaluate -6 + -8 + (-9 - -9) - (1 - 6).
-9
Calculate -36 + -6 + 32 + (4 - 2) + -3.
-11
Calculate 14 + -8 + 17 - 24.
-1
What is the value of -12 - ((9 - -2) + (52 - 64))?
-11
-16 - (-7 + 2) - -19
8
What is the value of (4 - 12) + -3 + 9 + 4 - -4?
6
What is -4 - (-8 + -4 + 8)?
0
Calculate -2 - (5 + -7 + -4 - -2).
2
What is -1 - ((-6 - -16) + 6 - 6)?
-11
Calculate -6 - (1 - ((3 - 2) + 1)) - -17.
12
What is the value of (-5 - -17 - 39) + 17?
-10
What is the value of (-12 - (22 - 54)) + -17?
3
What is 1 - (1 - 4) - (82 + -66 + -47)?
35
Calculate 17 + -1 - (-1676 - -1663).
29
-21 + (-7 - -16) + 8 + 38
34
Calculate -1 + 4 - 9 - ((2 - 6) + -1).
-1
13 + 2 + (-5 - 1)
9
Calculate (-9 - (1 + 3 - 4)) + 19.
10
Calculate -7 - (2 + (-4 - 23)).
18
(-1 - -61) + (13 - 46)
27
Evaluate 2 + 2 + 7 - 10.
1
Calculate -10 - -3 - (-5 + -9 + 7).
0
What is the value of (-1 + -18 - (-39 - -40)) + -39 + 36?
-23
Evaluate -6 + (-7 - (-6 - (3 + -9))) + 6.
-7
What is the value of -1 + -34 - (-2401 - -2355)?
11
Calculate -6 + (-21 - -26) + (-6 - -1).
-6
Evaluate (-9 - (-7 - 49 - -17)) + -18.
12
Calculate -6 + -6 + (15 - 3).
0
What is -4 - (-7 - (8 + 1)) - (0 + -21)?
33
What is the value of 29 + (-73 - -43) - (2 - (17 - 2))?
12
2 + (7 - (6 + -3)) - (2 + 5)
-1
13 + (0 + -22 - 4)
-13
What is -7 - (4 - (22 - 5) - -7)?
-1
What is 6 + -2 + 3 + (66 - 70) - 6?
-3
What is the value of 25 + -3 + 5 + -18 + 21?
30
What is the value of -29 + (53 - 20) + -18?
-14
Evaluate -1 + (-5 - (-1 + -2 - (75 + -99))).
-27
19 + (-10 - (1 + -11 + (-4 - -2)))
21
29 - (-10 - -29) - 19
-9
What is the value of (4 + -6 + -1 - 6) + -2?
-11
What is 2 + -7 + (16 - 1)?
10
What is (2 - -10) + (252 - 248)?
16
What is 34 - 35 - (7 + -10 + 2 + 35)?
-35
Calculate (0 - -17) + -186 + 167 + 0 + -9.
-11
-3 - (7 + 3 - 9 - -13)
-17
38 - (47 + -30 + -12)
33
Evaluate (10 - (-23 - -50)) + 37.
20
Calculate (-5 - -11 - (3 + 15)) + (-2 - -48).
34
Calculate 2 + -9 - (-375 - -354).
14
Calculate (9 - (15 - 10) - -16) + -6 + 1.
15
Calculate (2 - 0) + 3 + -2 + -17.
-14
Calculate 22 + -25 - ((-1 - -11 - -9) + -6).
-16
536 + -528 - (-3 - -33)
-22
What is (0 - 1 - (-17 - -19)) + -1?
-4
What is the value of -12 + (-2 - -15) + -11 + 0?
-10
Calculate 14 - (13 + (-10 - -6)).
5
Calculate (-6 - -9) + (21 - 28).
-4
Evaluate (-1 - -1 - -10) + 13 + -17 + 2.
8
Calculate (-1 - -7) + -1 - (-47 - (49 + -96)).
5
Calculate 23 + -16 + -5 + -15.
-13
Calculate -7 + 118 + -121 + 11 + 1.
2
Calculate 8 - (-12 + 72 + -31).
-21
What is (0 - 1) + (-321 - -316)?
-6
Evaluate (23 - 17) + -6 + (-7 - -5) + -2.
-4
Calculate 20 + 18 + -40 + 25.
23
What is the value of -212 + 237 - (-4 + (-3 - (-4 + 0)))?
28
What is the value of -7 + 30 + -40 + 1?
-16
What is the value of 7 - (-26 + 23) - 9?
1
What is the value of 80 - 71 - (-1 + 1 - (-1 - 2))?
6
What is 7 + -70 + 51 - ((0 - -1) + 6)?
-19
What is the value of 2 + (-4 - 1) + (-17 - -3) + 13?
-4
Evaluate 8 + -1 - -25 - 7 - (2 - 0).
23
What is the value of 11 + -17 + 2 + -9?
-13
Calculate -7 - (-6 + 5 + 1 - 2) - -7.
2
Calculate -3 + 5 + (10 - 8 - -8).
12
Evaluate -142 + 145 + -1 + 0 + -3 + -6.
-7
Evaluate -36 + (29 - -17) - 20.
-10
Evaluate (-2 - 22) + 22 + (13 - 1) + 13.
23
Calculate -5 - ((8 - 18) + -3) - (12 - 16).
12
Calculate (0 - -6) + (6 - 11 - -1) - 16.
-14
What is 6 - (-6 - (-2 + 2 - (-24 + 38)))?
-2
What is the value of 2 + 1 - (4 - -17 - (8 + 36))?
26
Calculate 64 + -31 + 0 + -26.
7
(51 - 46) + -1 + -4 + -2
-2
What is -7 + (0 - (-10 - -14)) - -1?
-10
Evaluate -1 - (32 + (17 + -10 - 10)).
-30
Calculate -1 + -16 + 3 - -11 - -15.
12
What is (-13 - -12) + (4 - 8) - -1?
-4
Calculate 1 - (-7 - (18 - 37)).
-11
Calculate -9 + (33 - 22 - (0 - (22 - 4))).
20
24 + (-6 - 1) - 1 - 3 - 0
13
What is -1 - (-7 + 14 - 4) - -2?
-2
Evaluate -5 + (13 + 7 - 4).
11
What is -38 + 6 + 54 + -15?
7
What is 1 - 4 - (10 - (29 - 7 - 8))?
1
What is the value of -1 - (-22 + (37 - 19))?
3
What is 9 - (-5 - (0 + (0 + -2 - 2)))?
10
14 + 3 - 7 - 1
9
What is the value of 2 + -12 + 0 + 1?
-9
What is 8 + (-2 + -2 - (-51 + 40))?
15
What is the value of -1 + 0 - (2 + -5 + 12)?
-10
-16 + 3 + 50 + -38
-1
What is -4 + 2 - (11 - 18 - (3 - 3))?
5
Calculate -3 + 9 + -8 + -1 + 14 + 13.
24
Calculate (-28 - (45 + -77)) + -15 + 0 + -2.
-13
Evaluate (-12 + 10 - -2) + (-11 - -3).
-8
Evaluate -1 - 8 - ((-4 - 31) + 26).
0
-380 - -392 - (25 + -1)
-12
23 + -9 - (4 - -1 - 3 - 4)
16
Calculate (1 - 8) + (40 - 36) + (58 - 34).
21
What is -1 - -19 - (21 + -18 + 5)?
10
Calculate 3 - ((-12 - -37 - 15) + 11).
-18
Evaluate -21 + 35 + -18 + (-7 - (3 - 1)).
-13
Evaluate 1 - 4 - (29 + (5 - 40)).
3
What is the value of -3 + -19 + 14 + (8 - 1) - -33?
32
What is the value of -34 + 1 - (521 - 539)?
-15
Evaluate -5 + 9 - 12 - 3.
-11
Evaluate -2 + 3 - 2 - 13 - -5.
-9
Calculate 6 + (8 - 35 - ((4 - 0) + -11)).
-14
What is the value of 1 + 18 - ((-18 - -13) + (7 - 4))?
21
Evaluate -2 + 4 + 2 + 2 + 2 + -8.
0
What is the value of -8 + 1 + 2 - (2 + 10)?
-17
Calculate 195 + -190 - (7 - (-3 + 1)).
-4
2 + (25 - 21) + 3
9
Evaluate 11 + (-9 - -13) + (-3 - 8) - 40.
-36
What is 2 + (-27 - -15) + 17?
7
Calculate -4 + 0 - (5 + -14 - -11).
-6
Evaluate -12 + (-11 - -11) + 8 + 32.
28
Calculate -3 - (8 + -8 - -8 - 1).
-10
Calculate 822 + -816 - (0 - 14).
20
Calculate (5 + -9 - 4 - 0) + -3 + -7.
-18
What is the value of 16 + -7 + -3 - (22 + -2)?
-14
Calculate (549 - 550) + (-2 - (0 - 1 - 12)).
10
What is the value of -3 + 3 + 4 + 7?
11
What is the value of (0 - 3) + (3 - 2) + 1 + 12?
11
Evaluate (12 - -15 - (5 - -3)) + -11.
8
What is 5 - -10 - (10 - (2 - (-6 - -6)))?
7
Calculate -12 + (10 - (8 + -26)).
16
Calculate (38 + -86 - -75) + -63.
-36
What is the value of -23 + (3 - (-24 - -12))?
-8
What is the value of 40 - 50 - (0 + -11)?
1
What is 2 + 8 - 0 - 7 - (-21 - -6)?
18
Calculate -13 + -7 + 6 + 13.
-1
What is 1 + (-10 - -21 - 2) - (4 - 0)?
6
(-1 - -3 - 0) + (5 - (4 - -1))
2
What is the value of (-9 - 2) + -6 + (12 - (4 - 1))?
-8
Evaluate 4 + -5 + 7 + 2 + 7.
15
-6 - (0 + -8 + -3 + 13)
-8
What is -12 - -6 - (-4 + 1 - -18)?
-21
What is the value of -5 - (-10 + (-6 - (-5 - 5)) + 5)?
-4
Evaluate -26 - (-38 + 20 + -20).
12
What is the value of -10 + 6 + 11 + 5 - (9 - 21)?
24
Calculate (-3 - 0 - (-1 + 1)) + (757 - 741).
13
What is the value of (-1 - -21) + -138 + 126?
8
What is the value of -20 - (-22 + (-11 - -18))?
-5
Calculate (-53 - -38 - -45) + -34.
-4
What is (0 - -2) + (-2 - -2 - 13) + 5?
-6
Calculate (8 - -12) + -55 - (-2 + 2).
-35
What is the value of -20 - (16 + -9 + -8)?
-19
-2 - (0 + -1) - (-17 + 2 + 13)
1
What is (1 - (-13 - -26)) + 23?
11
Evaluate (1 - 8) + (-11 - (-11 + 9)).
-16
What is the value of (9 - (3 - 1)) + 3 - 11?
-1
What is -12 - (16 + -30 - -10) - -8?
0
What is 25 - 1 - (37 + -32 + 4)?
15
What is the value of -5 + (-3 - -19) + -6 - (2 + 0)?
3
Evaluate -12 + (9 - 10 - -4) - 1.
-10
-33 + 40 + (0 - 10)
-3
Evaluate -1 + (-6 - -13 - (8 - (1 - -1))).
0
What is -1 + (0 - 2) - (10 + -13 + 3)?
-3
1 + 0 - -10 - 0
11
What is the value of (-128 - -45) + 44 + -1?
-40
Calculate -3 + 14 + (20 - 43).
-12
Wh